
386
-4224 (base 7) to base 12
-a40
Convert -1b8 (base 13) to base 7.
-635
What is -412143 (base 6) in base 10?
-32895
410 (base 14) to base 12
566
-1011000010110 (base 2) to base 7
-22325
What is d38 (base 15) in base 2?
101110100010
3a4d (base 16) to base 7
61341
Convert -3154 (base 9) to base 2.
-100100001101
What is 1440 (base 7) in base 11?
476
What is -2010102000 (base 3) in base 9?
-63360
7b9 (base 12) to base 2
10001111101
Convert 11333 (base 5) to base 12.
5a3
-1331 (base 12) to base 6
-14101
What is ab (base 12) in base 4?
2003
-2113031 (base 4) to base 9
-14242
Convert -6e9 (base 16) to base 7.
-5105
What is -3663 (base 15) in base 13?
-535b
What is -4816 (base 9) in base 10?
-3579
Convert -549 (base 10) to base 2.
-1000100101
Convert 198 (base 12) to base 4.
10010
What is -1848 (base 9) in base 4?
-112031
Convert -4a21 (base 13) to base 11.
-7990
What is 1127 (base 8) in base 4?
21113
Convert -214050 (base 6) to base 10.
-17742
What is 221 (base 8) in base 11?
122
Convert -9022 (base 10) to base 4.
-2030332
-9a7 (base 11) to base 4
-102312
What is -10101200 (base 4) in base 15?
-52be
-1110110 (base 2) to base 13
-91
What is 33020 (base 9) in base 6?
245200
21122111 (base 3) to base 12
3287
What is 10631 (base 7) in base 4?
222131
21003 (base 4) to base 13
357
What is -6c00 (base 14) in base 11?
-13156
What is -11003 (base 4) in base 5?
-2243
Convert -21022 (base 6) to base 15.
-c82
Convert 60621 (base 9) to base 11.
27a57
What is 1011010010100001 (base 2) in base 10?
46241
What is 4010 (base 6) in base 3?
1012020
What is 1113300 (base 4) in base 12?
3300
What is 111c8 (base 14) in base 12?
20050
242 (base 12) to base 9
415
What is -4421 (base 10) in base 15?
-149b
What is -3045 (base 8) in base 13?
-940
1209 (base 15) to base 5
110314
-124a (base 13) to base 11
-1a51
Convert -1aba (base 12) to base 14.
-12c6
489 (base 12) to base 11
56a
What is 217 (base 8) in base 2?
10001111
-55211 (base 8) to base 3
-1011210102
2c5 (base 14) to base 2
1000110101
Convert 43d (base 14) to base 13.
4c7
What is -25d3 (base 14) in base 9?
-10112
1001120 (base 3) to base 2
1100000011
Convert -36761 (base 8) to base 4.
-3313301
Convert 222000 (base 3) to base 13.
420
-6075 (base 13) to base 16
-33de
123c (base 14) to base 8
6166
Convert 128b (base 13) to base 9.
3564
What is 2220 (base 11) in base 15?
d01
What is -280a (base 15) in base 13?
-3b86
Convert -432455 (base 6) to base 4.
-20230103
-31174 (base 8) to base 5
-403144
-132331 (base 5) to base 6
-40421
4b83 (base 16) to base 7
110234
What is -22201 (base 3) in base 4?
-3223
Convert 2504 (base 6) to base 2.
1001101000
-3298 (base 13) to base 9
-10607
What is -20303 (base 7) in base 15?
-1702
What is -58 (base 10) in base 14?
-42
What is -11403 (base 10) in base 14?
-4227
Convert -101001000100 (base 2) to base 4.
-221010
What is 27334 (base 9) in base 11?
12998
What is -771 (base 10) in base 5?
-11041
10000 (base 2) to base 12
14
What is 914a (base 13) in base 12?
b6b0
What is 19b (base 14) in base 3?
110100
Convert -2451 (base 6) to base 15.
-2a7
What is -11330 (base 10) in base 7?
-45014
Convert 8847 (base 9) to base 3.
22221121
-221022100 (base 3) to base 5
-1042300
What is -3c53 (base 16) in base 4?
-3301103
947 (base 12) to base 14
6c7
16b16 (base 13) to base 16
aa65
What is -33343 (base 5) in base 3?
-10012222
Convert -1011111111 (base 2) to base 12.
-53b
What is 71 (base 16) in base 6?
305
-665 (base 11) to base 10
-797
Convert -2454 (base 6) to base 13.
-37c
Convert 785 (base 10) to base 9.
1062
302 (base 12) to base 15
1de
What is 4a1 (base 14) in base 15?
41a
What is 6585 (base 16) in base 13?
baa2
What is -5351 (base 6) in base 8?
-2303
Convert -11001022022 (base 3) to base 14.
-2107b
What is 34 (base 9) in base 11?
29
What is -213240 (base 7) in base 8?
-110462
Convert 1411213 (base 5) to base 8.
70405
4014 (base 5) to base 14
285
-10 (base 13) to base 5
-23
What is -3055 (base 11) in base 12?
-2419
What is -50012 (base 6) in base 9?
-8808
What is 10031101 (base 4) in base 14?
63cd
What is -100110 (base 2) in base 14?
-2a
4860 (base 9) to base 2
111000100010
Convert 1030 (base 4) to base 12.
64
Convert 10110 (base 4) to base 10.
276
What is -4c0 (base 13) in base 15?
-3a7
47c4 (base 15) to base 5
442014
What is 467 (base 16) in base 6?
5115
Convert -22201101 (base 3) to base 13.
-2b7b
-35 (base 7) to base 11
-24
What is -11a5 (base 16) in base 5?
-121032
What is -12101002 (base 3) in base 11?
-2a41
What is 3f1b (base 16) in base 11?
11157
1067 (base 8) to base 2
1000110111
Convert 544 (base 14) to base 12.
728
What is -638 (base 16) in base 15?
-712
What is 11960 (base 11) in base 8?
41347
-3267 (base 9) to base 11
-18a1
Convert 10c (base 15) to base 11.
1a6
What is 1023212 (base 4) in base 9?
6565
Convert 10234 (base 6) to base 11.
1054
What is 2002 (base 6) in base 10?
434
33132 (base 5) to base 6
14340
69a (base 11) to base 4
31003
Convert -22210 (base 3) to base 2.
-11101101
-13020 (base 6) to base 4
-132210
What is 1c41b (base 15) in base 9?
150238
-11100011001101 (base 2) to base 8
-34315
Convert -6b4 (base 14) to base 11.
-1003
271 (base 10) to base 4
10033
What is 220210 (base 4) in base 8?
5044
What is -2301222 (base 4) in base 3?
-120121010
Convert -3433 (base 15) to base 11.
-8357
543222 (base 6) to base 4
22323332
-ef3 (base 16) to base 2
-111011110011
203 (base 9) to base 12
119
Convert 115035 (base 6) to base 10.
10175
Convert -120012111 (base 3) to base 12.
-64b7
11526 (base 7) to base 14
114d
What is -11002 (base 4) in base 10?
-322
Convert a9b (base 14) to base 9.
2780
-1464 (base 7) to base 15
-290
Convert a39 (base 16) to base 8.
5071
Convert 43612 (base 7) to base 5.
322221
What is -200110 (base 3) in base 4?
-13302
What is 52 (base 9) in base 6?
115
Convert -135030 (base 6) to base 4.
-3013122
-304223 (base 6) to base 8
-57327
Convert -207 (base 9) to base 6.
-441
Convert 277 (base 15) to base 6.
2334
Convert -20246 (base 8) to base 5.
-231413
3539a (base 12) to base 14
1c03c
What is -7329 (base 10) in base 16?
-1ca1
Convert -23 (base 10) to base 14.
-19
Convert -1232233 (base 4) to base 7.
-26443
What is -1066 (base 7) in base 15?
-1b1
Convert -1635 (base 7) to base 5.
-10123
-4496 (base 10) to base 5
-120441
Convert 68a (base 12) to base 8.
1712
Convert -15343 (base 9) to base 13.
-4a0a
Convert -10318 (base 9) to base 11.
-5141
Convert -265553 (base 7) to base 11.
-34641
What is 146c (base 15) in base 9?
6003
Convert 233223 (base 5) to base 2.
10000101110011
Convert a (base 16) to base 10.
10
-5076 (base 9) to base 12
-2196
Convert 650 (base 9) to base 13.
31b
Convert -11339 (base 15) to base 11.
-38134
Convert 1100010001 (base 2) to base 15.
375
1121320 (base 5) to base 3
1000201112
Convert -100010000101 (base 2) to base 12.
-1319
Convert 44d (base 15) to base 5.
12343
Convert -1531 (base 10) to base 5.
-22111
-1396 (base 15) to base 10
-4191
What is 333 (base 11) in base 15?
1b9
What is -b50 (base 13) in base 7?
-5416
1354425 (base 6) to base 12
38a15
What is 56a (base 14) in base 15?
4b9
What is 110001001 (base 2) in base 14?
201
What is -660 (base 12) in base 13?
-570
What is 3220 (base 15) in base 16?
296d
4693 (base 13) to base 2
10011011000010
Convert 4435 (base 6) to base 10.
1031
-545 (base 11) to base 2
-1010001110
What is -52a0 (base 16) in base 4?
-11022200
Convert -12639 (base 10) to base 16.
-315f
What is 20102122 (base 3) in base 6?
33412
Convert -245 (base 12) to base 2.
-101010101
Convert 1223 (base 9) to base 3.
1020210
What is -398 (base 14) in base 5?
-10342
What is 3a7 (base 13) in base 14?
340
335541 (base 6) to base 9
43077
Convert 14e0 (base 16) to base 9.
7287
What is -112000 (base 3) in base 9?
-460
-287a7 (base 11) to base 13
-157c9
Convert 12120 (base 5) to base 6.
4114
Convert -5255 (base 10) to base 16.
-1487
What is 28c (base 16) in base 13?
3b2
12044 (base 6) to base 14
8d6
-8805 (base 9) to base 13
-2c4b
What is 856 (base 13) in base 7?
4102
What is -12132 (base 7) in base 8?
-6127
Convert -202102112 (base 3) to base 2.
-11101000101011
Convert -517 (base 16) to base 13.
-793
-2150 (base 10) to base 14
-ad8
11110011111110 (base 2) to base 14
5994
-31020 (base 4) to base 13
-4c8
Convert 25614 (base 7) to base 12.
3b46
-1464 (bas